actor of 23382630?
True
Is 183512787 a multiple of 92?
False
Does 12 divide 156424872?
True
Is 183158625 a multiple of 1720?
False
Is 1040 a factor of 1944145840?
True
Is 1672846656 a multiple of 416?
True
Is 20014958 a multiple of 9?
False
Is 128677246 a multiple of 123?
False
Does 268 divide 1411100868?
False
Does 300 divide 98799900?
True
Is 714697425 a multiple of 2025?
True
Is 34382781 a multiple of 59?
True
Is 34 a factor of 220042096?
False
Does 411 divide 2259147399?
True
Is 52180785 a multiple of 506?
False
Is 10 a factor of 25205162?
False
Is 882 a factor of 369955779?
False
Does 21 divide 15880821?
False
Is 62464707 a multiple of 14?
False
Is 33732516 a multiple of 25?
False
Is 11759600 a multiple of 155?
False
Does 1033 divide 140111019?
False
Does 12 divide 5221525?
False
Is 5996005 a multiple of 882?
False
Is 750 a factor of 211661414?
False
Is 19018401 a multiple of 303?
True
Does 33 divide 275754897?
True
Is 2742 a factor of 68500644?
True
Is 36593986 a multiple of 13?
True
Is 2925971 a multiple of 68?
False
Does 20 divide 10143280?
True
Is 341317586 a multiple of 576?
False
Is 1612345804 a multiple of 419?
False
Is 54 a factor of 52445178?
True
Does 6 divide 253366070?
False
Does 256 divide 7662848?
True
Does 7 divide 251974706?
False
Does 46 divide 2963701?
False
Is 27 a factor of 52408?
False
Is 101380773 a multiple of 314?
False
Does 4 divide 29221073?
False
Is 2033446953 a multiple of 53?
False
Does 318 divide 820764996?
True
Is 308 a factor of 158591048?
True
Does 136 divide 73066816?
True
Is 57 a factor of 3271026111?
True
Is 1039 a factor of 536824286?
True
Is 143 a factor of 678220114?
True
Is 48 a factor of 147936096?
True
Is 919068274 a multiple of 104?
False
Does 12 divide 2557613487?
False
Is 5157885 a multiple of 255?
True
Does 1014 divide 112087990?
False
Is 76667335 a multiple of 2428?
False
Does 48 divide 348377718?
False
Does 1622 divide 66975624?
True
Does 14 divide 29239639?
False
Is 3724056 a multiple of 84?
True
Is 14 a factor of 146320190?
False
Is 1466029821 a multiple of 15?
False
Is 3102 a factor of 26506590?
True
Does 5127 divide 169657557?
True
Is 808479486 a multiple of 138?
True
Does 681 divide 7883256?
True
Is 85 a factor of 4769690?
True
Does 5 divide 9446550?
True
Does 1256 divide 62830144?
True
Is 41 a factor of 351557657?
True
Does 1505 divide 190122135?
True
Does 739 divide 154241863?
True
Does 624 divide 78850896?
False
Does 15 divide 232702212?
False
Is 257865634 a multiple of 579?
False
Is 38 a factor of 138999554?
True
Is 337145602 a multiple of 152?
False
Is 8 a factor of 19551688?
True
Does 164 divide 2768416268?
True
Is 608799890 a multiple of 1827?
False
Is 383 a factor of 28279571?
True
Is 27856784 a multiple of 16?
True
Does 8485 divide 649492810?
True
Is 39026160 a multiple of 3015?
True
Does 812 divide 94382820?
True
Does 53 divide 26861407?
True
Does 3 divide 1010747404?
False
Is 793449 a multiple of 64?
False
Is 74660121 a multiple of 71?
True
Is 36944446 a multiple of 386?
True
Is 40 a factor of 6294600?
True
Does 1903 divide 161186984?
False
Is 49019626 a multiple of 402?
False
Is 446315176 a multiple of 1226?
False
Is 32965170 a multiple of 30?
True
Is 1220 a factor of 2599347860?
True
Is 9016590 a multiple of 66?
True
Is 16 a factor of 9015786?
False
Is 37234 a multiple of 46?
False
Does 446 divide 5829233380?
True
Is 347881500 a multiple of 180?
True
Is 1236957428 a multiple of 5036?
True
Is 363554112 a multiple of 96?
True
Does 39 divide 115966851?
True
Does 129 divide 88346950?
False
Is 46 a factor of 741015337?
False
Is 121178368 a multiple of 144?
False
Does 453 divide 72624507?
True
Is 6633 a factor of 167403654?
True
Does 753 divide 1850690268?
True
Is 980064262 a multiple of 8145?
False
Is 17894158 a multiple of 6246?
False
Does 28 divide 26045537?
False
Does 173 divide 14468631?
False
Is 2341550706 a multiple of 582?
True
Is 19 a factor of 211945931?
True
Is 57792070 a multiple of 49?
True
Does 1804 divide 42725800?
False
Is 7 a factor of 578120?
False
Is 192834371 a multiple of 286?
False
Is 1924415948 a multiple of 168?
False
Is 97346778 a multiple of 74?
True
Does 21 divide 10007970?
True
Does 177 divide 211934619?
False
Is 146 a factor of 1827734288?
True
Is 63546127 a multiple of 525?
False
Is 1996 a factor of 962915989?
False
Is 16185435 a multiple of 642?
False
Is 10 a factor of 44749359?
False
Is 1166 a factor of 165422520?
False
Is 126398332 a multiple of 2108?
False
Is 455 a factor of 167063597?
False
Is 262295292 a multiple of 84?
True
Is 71 a factor of 27244715?
False
Is 621 a factor of 302612058?
True
Does 381 divide 2000838459?
False
Does 2648 divide 649155677?
False
Does 274 divide 16668583?
False
Is 8 a factor of 612945110?
False
Does 14 divide 9700796?
True
Is 56173294 a multiple of 1048?
False
Does 17 divide 34887074?
False
Does 1615 divide 54964910?
True
Is 23 a factor of 38007339?
True
Does 217 divide 103456052?
True
Is 126640094 a multiple of 26?
False
Is 16 a factor of 17302789?
False
Is 12 a factor of 126646424?
False
Is 1247686608 a multiple of 42?
True
Does 256 divide 2911943936?
True
Is 136 a factor of 46550492?
False
Does 709 divide 1006892192?
False
Is 143516568 a multiple of 26?
True
Is 507 a factor of 763881303?
False
Is 125 a factor of 43690000?
True
Does 13 divide 509737982?
True
Is 2007741322 a multiple of 348?
False
Does 210 divide 451979430?
True
Is 39093625 a multiple of 425?
True
Is 33746034 a multiple of 574?
True
Does 15 divide 12556925?
False
Is 2460 a factor of 493808122?
False
Is 914 a factor of 614620214?
True
Is 145799777 a multiple of 2?
False
Is 564883240 a multiple of 8?
True
Does 179 divide 89420873?
False
Is 38 a factor of 2174993951?
False
Is 50 a factor of 2456484952?
False
Does 49 divide 46996157?
False
Is 157518483 a multiple of 21?
False
Does 34 divide 4151299484?
False
Is 576 a factor of 64383472?
False
Does 50 divide 37865865?
False
Is 269931956 a multiple of 644?
True
Is 83550461 a multiple of 139?
False
Is 1190847013 a multiple of 185?
False
Is 247 a factor of 40396109?
True
Does 120 divide 229091760?
True
Does 42 divide 9811788?
True
Does 528 divide 96652997?
False
Is 7 a factor of 184211755?
True
Is 8 a factor of 143918752?
True
Is 260 a factor of 20758458?
False
Is 517 a factor of 29715616?
False
Is 1337 a factor of 28815024?
True
Does 22 divide 35594086?
True
Does 19 divide 42453258?
True
Is 226616940 a multiple of 1215?
True
Does 355 divide 543025257?
False
Does 1684 divide 121569644?
True
Is 25668367 a multiple of 95?
False
Is 450 a factor of 94450950?
True
Does 135 divide 165479674?
False
Does 878 divide 821916280?
False
Is 1038 a factor of 26832541?
False
Does 28 divide 90697936?
True
Does 28 divide 13009136?
True
Is 2666 a factor of 181834530?
True
Does 439 divide 623303356?
False
Does 111 divide 55684149?
True
Is 180442758 a multiple of 6?
True
Is 453 a factor of 64436532?
True
Is 151 a factor of 1108528297?
True
Is 9358437 a multiple of 11?
True
Does 440 divide 3678875366?
False
Does 616 divide 87110408?
True
Is 139622948 a multiple of 367?
True
Is 8575260 a multiple of 262?
True
Is 114250724 a multiple of 3382?
True
Is 252 a factor of 430123103?
False
Is 16 a factor of 292067328?
True
Is 3571 a factor of 1587784443?
True
Does 75 divide 27436924?
False
Is 8060 a factor of 69018982?
False
Is 12 a factor of 1928802246?
False
Is 86 a factor of 5892548?
True
Is 8 a factor of 504241904?
True
Is 1949 a factor of 335637391?
False
Does 2168 divide 150261296?
False
Does 252 divide 2233566468?
True
Is 1350 a factor of 683168875?
False
Is 10584091 a multiple of 179?
True
Does 12157 divide 752709255?
False
Is 2474 a factor of 1073409613?
False
Does 2189 divide 9745428?
True
Is 571 a factor of 193775131?
True
Is 652 a factor of 244898372?
True
Is 668181 a multiple of 388?
False
Is 53 a factor of 42146660?
True
Does 93 divide 18591630?
True
Does 202 divide 729220?
True
Does 16666 divide 3895977488?
True
Does 10 divide 19461817?
False
Does 14 divide 584203875?
False
Is 4624 a factor of 534444668?
False
Is 1069906 a multiple of 10?
False
Is 44 a factor of 1428343963?
False
Is 248344199 a multiple of 360?
False
Is 175051693 a multiple of 180?
False
Does 568 divide 572545531?
False
Is 86130261 a multiple of 21?